 of 48 and 9744.
48
What is the greatest common divisor of 210 and 2240?
70
What is the greatest common divisor of 69 and 23?
23
Calculate the greatest common divisor of 1780 and 160.
20
What is the greatest common divisor of 35 and 5495?
35
What is the greatest common divisor of 96 and 504?
24
What is the greatest common divisor of 396 and 24?
12
What is the highest common divisor of 2401 and 98?
49
Calculate the highest common factor of 402 and 6.
6
What is the greatest common divisor of 84 and 8?
4
Calculate the highest common divisor of 2172 and 12.
12
What is the greatest common divisor of 6 and 1086?
6
What is the greatest common factor of 8 and 82?
2
What is the highest common divisor of 21 and 91?
7
Calculate the highest common factor of 19 and 1007.
19
What is the highest common factor of 51 and 37689?
51
What is the highest common factor of 75 and 3?
3
What is the greatest common factor of 33281 and 23?
23
Calculate the highest common factor of 24 and 312.
24
Calculate the highest common divisor of 152 and 38.
38
Calculate the greatest common divisor of 162 and 4.
2
Calculate the highest common divisor of 8 and 9.
1
Calculate the greatest common factor of 26 and 14261.
13
What is the greatest common factor of 66 and 4?
2
What is the highest common divisor of 2419 and 451?
41
What is the greatest common factor of 33 and 33?
33
Calculate the greatest common factor of 9 and 2.
1
What is the highest common divisor of 52 and 442?
26
Calculate the highest common factor of 6640 and 80.
80
Calculate the greatest common factor of 150 and 710.
10
What is the greatest common factor of 1020 and 165?
15
What is the greatest common factor of 1661 and 755?
151
What is the greatest common factor of 3146 and 26?
26
Calculate the highest common factor of 20617 and 53.
53
What is the highest common divisor of 36 and 2760?
12
What is the highest common factor of 90 and 230?
10
Calculate the greatest common factor of 6345 and 405.
135
Calculate the highest common factor of 63 and 531.
9
What is the greatest common factor of 40 and 232?
8
What is the highest common divisor of 49 and 784?
49
What is the highest common divisor of 376 and 1363?
47
What is the highest common divisor of 154 and 182?
14
What is the greatest common factor of 18 and 8352?
18
Calculate the highest common divisor of 400 and 50.
50
What is the greatest common factor of 1650 and 150?
150
What is the greatest common factor of 1147 and 31?
31
Calculate the highest common factor of 60 and 105.
15
What is the greatest common factor of 660 and 140?
20
Calculate the highest common divisor of 231 and 273.
21
What is the highest common divisor of 7622 and 111?
37
Calculate the greatest common divisor of 288 and 18.
18
Calculate the highest common factor of 30 and 10065.
15
What is the highest common factor of 2100 and 1785?
105
Calculate the highest common factor of 42 and 672.
42
What is the highest common divisor of 109 and 109?
109
Calculate the highest common factor of 30 and 10530.
30
What is the highest common factor of 51 and 30294?
51
What is the highest common divisor of 1824 and 24?
24
Calculate the highest common factor of 1353 and 7.
1
What is the highest common divisor of 360 and 2424?
24
What is the highest common factor of 713 and 69?
23
Calculate the greatest common factor of 1080 and 420.
60
Calculate the greatest common divisor of 960 and 280.
40
What is the highest common divisor of 18 and 531?
9
What is the highest common factor of 430 and 1032?
86
What is the greatest common factor of 224 and 1589?
7
What is the highest common divisor of 33 and 253?
11
What is the greatest common divisor of 204 and 51?
51
Calculate the greatest common factor of 455 and 130.
65
Calculate the greatest common divisor of 20 and 25390.
10
What is the highest common factor of 462 and 126?
42
What is the greatest common divisor of 20121 and 57?
57
What is the highest common divisor of 1207 and 34?
17
What is the highest common divisor of 6 and 2238?
6
What is the greatest common factor of 1855 and 371?
371
What is the greatest common divisor of 1700 and 2200?
100
Calculate the greatest common divisor of 121 and 4037.
11
What is the highest common divisor of 207 and 92?
23
What is the highest common divisor of 3400 and 136?
136
Calculate the highest common divisor of 3 and 2247.
3
What is the highest common factor of 121 and 704?
11
What is the greatest common factor of 4 and 332?
4
What is the highest common factor of 2166 and 513?
57
What is the highest common factor of 101 and 1616?
101
Calculate the highest common divisor of 10 and 10.
10
What is the highest common divisor of 1728 and 1800?
72
Calculate the highest common divisor of 58 and 13427.
29
Calculate the greatest common factor of 6040 and 60.
20
What is the highest common divisor of 728 and 3822?
182
Calculate the highest common factor of 551 and 171.
19
Calculate the highest common divisor of 1014 and 6.
6
What is the greatest common divisor of 180 and 40?
20
What is the greatest common factor of 11 and 451?
11
Calculate the greatest common factor of 3084 and 8.
4
What is the greatest common divisor of 128 and 5248?
128
What is the greatest common factor of 192 and 3520?
64
What is the greatest common factor of 81 and 10611?
81
Calculate the highest common divisor of 16 and 264.
8
Calculate the highest common factor of 30 and 1920.
30
Calculate the highest common factor of 207 and 4485.
69
What is the greatest common divisor of 118 and 354?
118
What is the greatest common divisor of 2820 and 36?
12
What is the highest common factor of 156 and 234?
78
What is the highest common divisor of 36 and 27?
9
What is the greatest common factor of 795 and 5?
5
What is the highest common factor of 160 and 192?
32
Calculate the greatest common divisor of 386 and 10229.
193
Calculate the greatest common divisor of 526 and 6.
2
What is the greatest common factor of 11 and 803?
11
Calculate the greatest common divisor of 12 and 924.
12
What is the greatest common factor of 13603 and 305?
61
What is the greatest common factor of 1 and 19?
1
What is the greatest common factor of 6440 and 4760?
280
Calculate the greatest common divisor of 490 and 610.
10
Calculate the greatest common factor of 10 and 895.
5
What is the greatest common divisor of 4277 and 13?
13
What is the greatest common divisor of 173 and 23355?
173
Calculate the highest common divisor of 216 and 264.
24
What is the greatest common factor of 182 and 78?
26
What is the greatest common factor of 42 and 1218?
42
What is the greatest common factor of 44 and 8?
4
What is the greatest common factor of 2068 and 33?
11
Calculate the highest common factor of 11895 and 65.
65
What is the highest common divisor of 620 and 3968?
124
What is the greatest common factor of 90 and 315?
45
What is the greatest common factor of 30 and 8832?
6
Calculate the highest common divisor of 300 and 6800.
100
Calculate the greatest common factor of 412 and 515.
103
What is the greatest common factor of 1 and 3192?
1
Calculate the highest common factor of 40 and 1140.
20
Calculate the highest common factor of 215 and 4085.
215
What is the highest common divisor of 8 and 236?
4
What is the greatest common factor of 129 and 5805?
129
Calculate the greatest common divisor of 14901 and 3.
3
Calculate the greatest common divisor of 21 and 2541.
21
What is the greatest common factor of 1696 and 106?
106
What is the highest common divisor of 702 and 52?
26
Calculate the greatest common divisor of 42 and 406.
14
Calculate the highest common divisor of 7 and 889.
7
What is the greatest common factor of 648 and 37368?
216
What is the highest common divisor of 585 and 13845?
195
What is the highest common factor of 47 and 13724?
47
Calculate the greatest common factor of 27 and 234.
9
What is the highest common factor of 160 and 125?
5
What is the greatest common factor of 429 and 78?
39
What is the highest common factor of 588 and 12?
12
Calculate the greatest common divisor of 30 and 3750.
30
Calculate the greatest common divisor of 12054 and 246.
246
What is the greatest common factor of 3927 and 33?
33
Calculate the greatest common factor of 58 and 319.
29
What is the highest common divisor of 5736 and 24?
24
C